. Give t(-32).
317
Let p(s) = -2*s**2 + 124*s - 1062. Give p(52).
-22
Let q(t) = 2*t**2 + 4457*t + 8903. What is q(-2)?
-3
Let x(y) = -62*y + 85. Determine x(-4).
333
Let t(a) = -a**3 + 4*a**2 + 25*a - 73. Determine t(4).
27
Let p(s) = 2*s**3 + 4*s**2 - 21*s - 44. What is p(-3)?
1
Let d(i) = 16207*i + 64854. What is d(-4)?
26
Let p(h) = -2*h**3 - 19*h**2 - 3*h - 54. Calculate p(0).
-54
Let g(m) = 695*m - 6276. What is g(9)?
-21
Let x(a) = -a**2 - 10*a + 10588. What is x(98)?
4
Let p(m) = -m**2 + 10*m - 27. Calculate p(5).
-2
Let z(f) = -f**2 + 88*f + 1782. Give z(-17).
-3
Let g(a) = 13*a**2 - 122*a - 70. Give g(10).
10
Let l(y) = -y**3 + 17*y**2 - 64*y + 12. What is l(13)?
-144
Let h(j) = 63*j**2 - 7*j + 7. What is h(3)?
553
Let s(m) = -5709*m + 22821. Give s(4).
-15
Let x(c) = -13*c**2 + 146*c - 398. Determine x(6).
10
Let p(z) = -6*z + 56. What is p(-9)?
110
Let v(o) = 19*o**3 - 815*o**2 - 88*o + 90. Give v(43).
4
Let f(y) = -6*y**2 + 2343*y + 7085. Determine f(-3).
2
Let w(p) = -560*p - 3216. Calculate w(-6).
144
Let m(p) = -p**2 + 366*p - 2527. Determine m(7).
-14
Let s(i) = -168*i - 827. What is s(-5)?
13
Let f(k) = 651*k + 8457. Calculate f(-13).
-6
Let q(m) = m**3 + 2*m**2 - 4*m - 61. What is q(0)?
-61
Let w(k) = -357*k - 23611. Determine w(-66).
-49
Let s(j) = 11963*j + 95711. Determine s(-8).
7
Let r(j) = 2*j**2 - 29*j + 332. Determine r(13).
293
Let j(u) = 2*u**3 + 3*u**2 - 63*u - 153. What is j(-5)?
-13
Let m(h) = -h**2 + 80*h + 1339. Give m(92).
235
Let v(c) = c**2 + 23*c + 58. Calculate v(-19).
-18
Let w(h) = 720*h + 7926. What is w(-11)?
6
Let d(y) = -16*y + 578. What is d(14)?
354
Let t(w) = w**3 + 35*w**2 + 155*w + 20. Calculate t(-30).
-130
Let z(l) = -6*l**2 - 670*l + 224. What is z(-112)?
0
Let t(h) = 3*h**2 - 317*h - 57. What is t(106)?
49
Let c(m) = 2*m**3 - 53*m**2 - 469*m + 12. Calculate c(-7).
12
Let x(y) = y**2 + 14*y + 56. What is x(-8)?
8
Let d(j) = j**3 + 92*j**2 - 3*j - 211. Give d(-92).
65
Let k(r) = -94621*r + 189244. Calculate k(2).
2
Let s(v) = 40*v**2 + 14*v + 12. Determine s(-1).
38
Let m(c) = 141*c - 563. Calculate m(7).
424
Let x(q) = -3*q**2 - 50*q + 624. What is x(-25)?
-1
Let g(n) = -335*n + 35178. Calculate g(105).
3
Let p(s) = -s**3 - 30*s**2 + 74*s + 189. Give p(-32).
-131
Let a(w) = -w**3 - 7*w**2 + 58*w - 86. Determine a(5).
-96
Let k(n) = -13*n - 520. Determine k(-15).
-325
Let b(l) = -l**3 + 12*l**2 - 13*l + 38. Determine b(11).
16
Let b(m) = m**3 + 3*m**2 - 52*m + 270. Determine b(-10).
90
Let w(t) = 24*t - 77. Calculate w(3).
-5
Let t(u) = 5*u - 22. What is t(3)?
-7
Let o(s) = -s**2 - 8291*s + 16585. What is o(2)?
-1
Let n(d) = 3*d**3 - 56*d**2 - 17*d - 31. What is n(19)?
7
Let j(b) = b**3 + 6*b**2 - 151*b - 912. Give j(-6).
-6
Let l(p) = p**2 + 74*p + 795. Calculate l(-67).
326
Let q(c) = -8*c**3 + 13*c**2 - 8*c + 7. Determine q(3).
-116
Let o(b) = 3*b**2 + 67*b - 894. Calculate o(-31).
-88
Let n(w) = -4*w**2 + 44*w - 105. Give n(9).
-33
Let y(n) = n**3 + 5*n**2 + 5*n - 32. Calculate y(3).
55
Let a(z) = -4*z**2 + 3*z + 15. Give a(-5).
-100
Let b(g) = 3*g**3 - 3*g**2 - 3*g - 13. Give b(7).
848
Let x(h) = -8*h**2 - 13*h + 64. What is x(-4)?
-12
Let n(k) = -4*k**2 - 6*k + 45. Calculate n(-8).
-163
Let a(u) = -4*u**2 - 5*u - 20. Determine a(6).
-194
Let x(v) = -549*v - 25241. What is x(-46)?
13
Let l(c) = 34*c - 345. Calculate l(5).
-175
Let q(o) = -2*o**2 + 17*o - 11. What is q(8)?
-3
Let c(h) = -3670*h + 33085. What is c(9)?
55
Let j(y) = -2*y**3 + 12*y**2 - 17*y + 9. Calculate j(3).
12
Let p(w) = -78*w**2 + 26*w + 98. Determine p(-3).
-682
Let t(n) = n**3 + 14*n**2 + 16*n + 18. Give t(-13).
-21
Let q(p) = -973*p - 76873. Determine q(-79).
-6
Let z(y) = 43*y + 1012. What is z(-29)?
-235
Let a(p) = -129*p - 426. What is a(-3)?
-39
Let c(b) = -2*b**3 + 237*b**2 - 1665*b - 34. What is c(111)?
-34
Let x(w) = w**2 + 123*w + 3700. Calculate x(-69).
-26
Let b(y) = 140*y + 328. What is b(-5)?
-372
Let k(x) = -x**3 - 39*x**2 + 524*x + 20442. Give k(-39).
6
Let l(b) = 134*b + 2804. Determine l(-21).
-10
Let k(g) = 164*g + 23286. What is k(-142)?
-2
Let z(b) = -11*b + 158. Calculate z(24).
-106
Let j(r) = 124*r + 2773. What is j(-23)?
-79
Let q(r) = -161*r + 1423. Give q(9).
-26
Let t(z) = z**3 + 11*z**2 + 4*z + 35. Give t(-7).
203
Let h(i) = -i**3 - 5*i**2 - 15*i - 18. Calculate h(-5).
57
Let i(s) = -12*s**2 - 18*s + 37. Determine i(2).
-47
Let o(f) = -72*f**2 + 2736*f + 6. Give o(38).
6
Let s(g) = 557*g. Determine s(0).
0
Let p(i) = i**2 + 80*i - 1436. Determine p(-95).
-11
Let k(n) = -5*n - 244. Give k(-4).
-224
Let f(t) = -6*t**2 - 61*t + 29. Give f(-11).
-26
Let x(k) = -k**3 - 2*k**2 - 12*k + 3. What is x(-2)?
27
Let z(r) = -1529*r - 12230. Determine z(-8).
2
Let m(z) = -4*z**2 + 44*z - 104. Give m(8).
-8
Let w(f) = 5914*f - 59134. Determine w(10).
6
Let q(n) = -680*n + 24530. Give q(36).
50
Let i(a) = 9*a**2 - 293*a - 102. Determine i(33).
30
Let i(p) = -p**3 + 19*p**2 - 89*p - 19. What is i(10)?
-9
Let g(k) = 162*k - 2742. Determine g(19).
336
Let m(j) = -10*j**3 + 52*j**2 + 5*j - 6. Give m(5).
69
Let v(r) = -1106*r + 6630. What is v(6)?
-6
Let m(o) = o**2 + 15*o + 156. Determine m(-22).
310
Let b(u) = -244*u - 1715. Calculate b(-7).
-7
Let g(q) = -2*q**2 + 64*q + 1504. What is g(-16)?
-32
Let v(t) = 5*t**3 - 484*t**2 - 107*t + 962. Give v(97).
-8
Let u(b) = -48*b - 186. What is u(-4)?
6
Let n(j) = -j**2 - 39*j - 94. What is n(-35)?
46
Let c(x) = -x**3 - 33*x**2 + 19*x + 602. Give c(-33).
-25
Let v(b) = -b**2 - 82*b - 479. Calculate v(-6).
-23
Let n(s) = -15*s**2 + 104*s + 10. Give n(7).
3
Let t(g) = 3*g**3 + 303*g**2 + 299*g - 69. Determine t(-100).
31
Let i(h) = -6857*h + 6864. Determine i(1).
7
Let d(s) = 261*s - 2873. Determine d(11).
-2
Let x(a) = 16*a - 1009. Calculate x(64).
15
Let v(z) = 12*z + 239. What is v(-8)?
143
Let v(z) = 2*z**2 - 103*z + 116. Determine v(51).
65
Let u(l) = l**2 + 7*l + 21. Determine u(-7).
21
Let j(z) = -5*z**2 - 25*z - 5. Determine j(-7).
-75
Let g(j) = -j**3 + 5*j**2 - 2*j - 14. Give g(4).
-6
Let f(k) = 11*k**2 - 162*k - 36. Give f(15).
9
Let u(d) = -d**2 - 42*d + 311. Determine u(-50).
-89
Let j(s) = 7*s**2 + 111*s + 55. Calculate j(-17).
191
Let n(s) = 3*s**3 + 60*s**2 - 133*s - 76. Give n(-22).
-54
Let m(g) = -g**2 - 33*g - 178. Determine m(-6).
-16
Let f(u) = -100*u + 39. What is f(-2)?
239
Let u(o) = 3785*o - 19. Calculate u(0).
-19
Let k(h) = h**3 + 19*h**2 + 20*h - 28. What is k(-18)?
-64
Let i(s) = -s**3 + 23*s**2 - 2485*s + 54191. Calculate i(22).
5
Let h(u) = -u**3 + 24*u**2 + 12*u - 12. Calculate h(24).
276
Let q(s) = -4753*s - 14257. Calculate q(-3).
2
Let f(r) = -2*r**2 - 694*r - 6085. Determine f(-9).
-1
Let y(p) = -8*p**2 - 88*p. Calculate y(-11).
0
Let c(w) = -w**2 + 33*w + 573. Determine c(-14).
-85
Let f(m) = -m**3 + 53*m**2 + 55*m - 120. Calculate f(54).
-66
Let o(q) = -7*q**3 + 4*q**2 + 5*q + 2. Give o(-1).
8
Let g(d) = 42*d - 313. Determine g(11).
149
Let v(p) = -p**2 + 158*p + 1320. What is v(-8)?
-8
Let q(t) = -5*t**2 + t + 60. Calculate q(7).
-178
Let y(a) = 172*a + 1203. What is y(-7)?
-1
Let d(g) = -21*g - 33. What is d(-4)?
51
Let c(h) = h + 135. Determine c(-6).
129
Let h(g) = g**3 + 11*g**2 - 29*g - 27. Determine h(-13).
12
Let w(y) = -3*y**2 + 2359. Give w(28).
7
Let k(d) = -d**2 - 19*d - 6. Determine k(-5).
64
Let p(r) = r**3 + 16*r**2 + 37*r + 20. Calculate p(-2).
2
Let w(y) = -y**2 + 16*y + 2. Calculate w(6).
62
Let r(c) = -5197*c + 46771. Give r(9).
-2
Let p(i) = -62*i - 9. Determine p(4).
-257
Let d(a) = 18*a + 649. Determine d(-35).
19
Let j(f) = -27*f**3 - 6*f**2 - 9*f - 3. Calculate j(-2).
207
Let q(n) = 2*n**2 - 252*n - 51. What is q(126)?
-51
Let k(l) = 12*l**3 + l. Calculate k(-1).
-13
Let g(z) = 210*z - 3341. Calculate g(16).
19
Let z(g) = -g**2 + 8296*g - 82859. Determine z(10).
1
Let j(m) = 513*m + 517. Determine j(-1).
4
Let q(c) = 2*c**2 - 364*c + 5348. What is q(166)?
36
Let w(l) = l**2 + 80*l + 663. Calculate w(-9).
24
Let c(r) = -8*r**2 - 11*r - 22. Give c(-2).
-32
Let k(b) = b**3 + 5*b**2 - 60*b - 253. What is k(-4)?
3
Let u(a) = 297*a + 2074. Give u(-7).
-5
Let b(o) = o**2 + 41*o + 45. Give b(-40).
5
Let a(s) = -s**3 + 25*s**2 - 150*s - 21. What is a(15)?
-21
Let x(m) = -13*m**3 - 209*m**2 - 24*m - 129. Determi